{"id":73,"date":"2022-03-10T22:02:16","date_gmt":"2022-03-10T21:02:16","guid":{"rendered":"https:\/\/villeneuvedebout.org\/?page_id=73"},"modified":"2022-06-29T11:12:37","modified_gmt":"2022-06-29T09:12:37","slug":"villeneuve-plage","status":"publish","type":"page","link":"https:\/\/villeneuvedebout.org\/index.php\/villeneuve-plage\/","title":{"rendered":"Villeneuve plage"},"content":{"rendered":"\n<p>Villeneuve Plage est un \u00e9v\u00e9nement qui se d\u00e9roule chaque \u00e9t\u00e9 au sein du Parc Jean Verlhac de la Villeneuve de Grenoble qui consiste \u00e0 se r\u00e9approprier l&rsquo;espace public \u00e0 travers des activit\u00e9s culturelles, \u00e9ducatives, festives et conviviales.<\/p>\n\n\n\n<p>Cet \u00e9v\u00e8nement initi\u00e9 par l\u2019Atelier Populaire d\u2019urbanisme (APU) est port\u00e9 par le collectif inter associatif Villeneuve Debout. Il est rendu possible gr\u00e2ce \u00e0 une d\u00e9marche participative favorisant l\u2019implication des partenaires, habitants et associations pour organiser des activit\u00e9s en soir\u00e9e et week-ends qui s&rsquo;adressent \u00e0 tous les publics mixtes et interg\u00e9n\u00e9rationnelles.<\/p>\n\n\n\n<p>Les animations qui se d\u00e9roulent durant l&rsquo;\u00e9t\u00e9 se font essentiellement en direction des enfants et des jeunes. Les personnes qui ne partent pas en vacances investissent les abords du lac et il est possible selon nos exp\u00e9riences ant\u00e9rieures de lancer \u00e0 ces moments-l\u00e0 des actions \u00e9ducatives ludiques et artistiques qui peuvent satisfaire tout le monde.<\/p>\n\n\n\n<p>\u00ab\u00a0Villeneuve Plage\u00a0\u00bb vise donc \u00e0 mettre en \u00e9vidence les capacit\u00e9s du Parc de la Villeneuve \u00e0 offrir un cadre d&rsquo;animation autour du lac et des jeux d&rsquo;eau et r\u00e9pondre aux absences d&rsquo;offre d&rsquo;animation pendant les week-ends d&rsquo;\u00e9t\u00e9. Ce dispositif souhaite rendre le parc Jean Verlhac attractif au point d\u2019esp\u00e9rer le faire entrer dans le dispositif de la ville de Grenoble \u00ab\u00a0l&rsquo;\u00e9t\u00e9 oh parc\u00a0\u00bb pour qu&rsquo;il devienne \u00ab\u00a0l&rsquo;\u00e9t\u00e9 AUX parcs\u00a0\u00bb&nbsp;(c&rsquo;est le cas depuis 2021) !<\/p>\n\n\n\n<p>Le lancement de la programmation Villeneuve Plage 2022 a d\u00e9marr\u00e9 ! Cette ann\u00e9e, Villeneuve Plage sera l&rsquo;occasion de f\u00eater les 50 ans de la Villeneuve et participe \u00e0 la d\u00e9marche Grenoble Capitale Verte en respectant la charte \u00e9co \u00e9v\u00e8nement.<\/p>\n\n\n\n<figure class=\"wp-block-image size-large\"><img loading=\"lazy\" decoding=\"async\" width=\"751\" height=\"1024\" src=\"https:\/\/villeneuvedebout.org\/wp-content\/uploads\/2022\/06\/Affiche-Villeneuve-Plage-2022_version-finale-751x1024.png\" alt=\"\" class=\"wp-image-115\" srcset=\"https:\/\/villeneuvedebout.org\/wp-content\/uploads\/2022\/06\/Affiche-Villeneuve-Plage-2022_version-finale-751x1024.png 751w, https:\/\/villeneuvedebout.org\/wp-content\/uploads\/2022\/06\/Affiche-Villeneuve-Plage-2022_version-finale-220x300.png 220w, https:\/\/villeneuvedebout.org\/wp-content\/uploads\/2022\/06\/Affiche-Villeneuve-Plage-2022_version-finale-768x1047.png 768w, https:\/\/villeneuvedebout.org\/wp-content\/uploads\/2022\/06\/Affiche-Villeneuve-Plage-2022_version-finale-1127x1536.png 1127w, https:\/\/villeneuvedebout.org\/wp-content\/uploads\/2022\/06\/Affiche-Villeneuve-Plage-2022_version-finale-1503x2048.png 1503w\" sizes=\"(max-width: 751px) 100vw, 751px\" \/><\/figure>\n\n\n\n<figure class=\"wp-block-gallery has-nested-images columns-default is-cropped wp-block-gallery-1 is-layout-flex wp-block-gallery-is-layout-flex\">\n<figure class=\"wp-block-image size-large\"><img loading=\"lazy\" decoding=\"async\" width=\"751\" height=\"1024\" data-id=\"116\" src=\"https:\/\/villeneuvedebout.org\/wp-content\/uploads\/2022\/06\/samedi.2.juillet.VNP_-751x1024.jpg\" alt=\"\" class=\"wp-image-116\" srcset=\"https:\/\/villeneuvedebout.org\/wp-content\/uploads\/2022\/06\/samedi.2.juillet.VNP_-751x1024.jpg 751w, https:\/\/villeneuvedebout.org\/wp-content\/uploads\/2022\/06\/samedi.2.juillet.VNP_-220x300.jpg 220w, https:\/\/villeneuvedebout.org\/wp-content\/uploads\/2022\/06\/samedi.2.juillet.VNP_-768x1047.jpg 768w, https:\/\/villeneuvedebout.org\/wp-content\/uploads\/2022\/06\/samedi.2.juillet.VNP_-1127x1536.jpg 1127w, https:\/\/villeneuvedebout.org\/wp-content\/uploads\/2022\/06\/samedi.2.juillet.VNP_-1503x2048.jpg 1503w, https:\/\/villeneuvedebout.org\/wp-content\/uploads\/2022\/06\/samedi.2.juillet.VNP_-scaled.jpg 1879w\" sizes=\"(max-width: 751px) 100vw, 751px\" \/><\/figure>\n<\/figure>\n","protected":false},"excerpt":{"rendered":"<p>Villeneuve Plage est un \u00e9v\u00e9nement qui se d\u00e9roule chaque \u00e9t\u00e9 au sein du Parc Jean Verlhac de la Villeneuve de Grenoble qui consiste \u00e0 se r\u00e9approprier l&rsquo;espace public \u00e0 travers des activit\u00e9s culturelles, \u00e9ducatives, festives et conviviales. Cet \u00e9v\u00e8nement initi\u00e9 par l\u2019Atelier Populaire d\u2019urbanisme (APU) est port\u00e9 par le collectif inter associatif Villeneuve Debout. Il&hellip;&nbsp;<a href=\"https:\/\/villeneuvedebout.org\/index.php\/villeneuve-plage\/\" class=\"\" rel=\"bookmark\">Lire la suite &raquo;<span class=\"screen-reader-text\">Villeneuve plage<\/span><\/a><\/p>\n","protected":false},"author":1,"featured_media":0,"parent":0,"menu_order":0,"comment_status":"closed","ping_status":"closed","template":"","meta":{"neve_meta_sidebar":"","neve_meta_container":"","neve_meta_enable_content_width":"","neve_meta_content_width":0,"neve_meta_title_alignment":"","neve_meta_author_avatar":"","neve_post_elements_order":"","neve_meta_disable_header":"","neve_meta_disable_footer":"","neve_meta_disable_title":"","_ti_tpc_template_sync":false,"_ti_tpc_template_id":"","footnotes":""},"_links":{"self":[{"href":"https:\/\/villeneuvedebout.org\/index.php\/wp-json\/wp\/v2\/pages\/73"}],"collection":[{"href":"https:\/\/villeneuvedebout.org\/index.php\/wp-json\/wp\/v2\/pages"}],"about":[{"href":"https:\/\/villeneuvedebout.org\/index.php\/wp-json\/wp\/v2\/types\/page"}],"author":[{"embeddable":true,"href":"https:\/\/villeneuvedebout.org\/index.php\/wp-json\/wp\/v2\/users\/1"}],"replies":[{"embeddable":true,"href":"https:\/\/villeneuvedebout.org\/index.php\/wp-json\/wp\/v2\/comments?post=73"}],"version-history":[{"count":3,"href":"https:\/\/villeneuvedebout.org\/index.php\/wp-json\/wp\/v2\/pages\/73\/revisions"}],"predecessor-version":[{"id":117,"href":"https:\/\/villeneuvedebout.org\/index.php\/wp-json\/wp\/v2\/pages\/73\/revisions\/117"}],"wp:attachment":[{"href":"https:\/\/villeneuvedebout.org\/index.php\/wp-json\/wp\/v2\/media?parent=73"}],"curies":[{"name":"wp","href":"https:\/\/api.w.org\/{rel}","templated":true}]}}

<p>Villeneuve Plage est un événement qui se déroule chaque été au sein du Parc Jean Verlhac de la Villeneuve de Grenoble qui consiste à se réapproprier l&rsquo;espace public à travers des activités culturelles, éducatives, festives et conviviales.</p>



<p>Cet évènement initié par l’Atelier Populaire d’urbanisme (APU) est porté par le collectif inter associatif Villeneuve Debout. Il est rendu possible grâce à une démarche participative favorisant l’implication des partenaires, habitants et associations pour organiser des activités en soirée et week-ends qui s&rsquo;adressent à tous les publics mixtes et intergénérationnelles.</p>



<p>Les animations qui se déroulent durant l&rsquo;été se font essentiellement en direction des enfants et des jeunes. Les personnes qui ne partent pas en vacances investissent les abords du lac et il est possible selon nos expériences antérieures de lancer à ces moments-là des actions éducatives ludiques et artistiques qui peuvent satisfaire tout le monde.</p>



<p>« Villeneuve Plage » vise donc à mettre en évidence les capacités du Parc de la Villeneuve à offrir un cadre d&rsquo;animation autour du lac et des jeux d&rsquo;eau et répondre aux absences d&rsquo;offre d&rsquo;animation pendant les week-ends d&rsquo;été. Ce dispositif souhaite rendre le parc Jean Verlhac attractif au point d’espérer le faire entrer dans le dispositif de la ville de Grenoble « l&rsquo;été oh parc » pour qu&rsquo;il devienne « l&rsquo;été AUX parcs »&nbsp;(c&rsquo;est le cas depuis 2021) !</p>



<p>Le lancement de la programmation Villeneuve Plage 2022 a démarré ! Cette année, Villeneuve Plage sera l&rsquo;occasion de fêter les 50 ans de la Villeneuve et participe à la démarche Grenoble Capitale Verte en respectant la charte éco évènement.</p>



<figure class="wp-block-image size-large"><img loading="lazy" decoding="async" width="751" height="1024" src="https://villeneuvedebout.org/wp-content/uploads/2022/06/Affiche-Villeneuve-Plage-2022_version-finale-751x1024.png" alt="" class="wp-image-115" srcset="https://villeneuvedebout.org/wp-content/uploads/2022/06/Affiche-Villeneuve-Plage-2022_version-finale-751x1024.png 751w, https://villeneuvedebout.org/wp-content/uploads/2022/06/Affiche-Villeneuve-Plage-2022_version-finale-220x300.png 220w, https://villeneuvedebout.org/wp-content/uploads/2022/06/Affiche-Villeneuve-Plage-2022_version-finale-768x1047.png 768w, https://villeneuvedebout.org/wp-content/uploads/2022/06/Affiche-Villeneuve-Plage-2022_version-finale-1127x1536.png 1127w, https://villeneuvedebout.org/wp-content/uploads/2022/06/Affiche-Villeneuve-Plage-2022_version-finale-1503x2048.png 1503w" sizes="(max-width: 751px) 100vw, 751px" /></figure>



<figure class="wp-block-gallery has-nested-images columns-default is-cropped wp-block-gallery-1 is-layout-flex wp-block-gallery-is-layout-flex">
<figure class="wp-block-image size-large"><img loading="lazy" decoding="async" width="751" height="1024" data-id="116" src="https://villeneuvedebout.org/wp-content/uploads/2022/06/samedi.2.juillet.VNP_-751x1024.jpg" alt="" class="wp-image-116" srcset="https://villeneuvedebout.org/wp-content/uploads/2022/06/samedi.2.juillet.VNP_-751x1024.jpg 751w, https://villeneuvedebout.org/wp-content/uploads/2022/06/samedi.2.juillet.VNP_-220x300.jpg 220w, https://villeneuvedebout.org/wp-content/uploads/2022/06/samedi.2.juillet.VNP_-768x1047.jpg 768w, https://villeneuvedebout.org/wp-content/uploads/2022/06/samedi.2.juillet.VNP_-1127x1536.jpg 1127w, https://villeneuvedebout.org/wp-content/uploads/2022/06/samedi.2.juillet.VNP_-1503x2048.jpg 1503w, https://villeneuvedebout.org/wp-content/uploads/2022/06/samedi.2.juillet.VNP_-scaled.jpg 1879w" sizes="(max-width: 751px) 100vw, 751px" /></figure>
</figure>

<p>Villeneuve Plage est un événement qui se déroule chaque été au sein du Parc Jean Verlhac de la Villeneuve de Grenoble qui consiste à se réapproprier l&rsquo;espace public à travers des activités culturelles, éducatives, festives et conviviales. Cet évènement initié par l’Atelier Populaire d’urbanisme (APU) est porté par le collectif inter associatif Villeneuve Debout. Il&hellip;&nbsp;<a href="https://villeneuvedebout.org/index.php/villeneuve-plage/" class="" rel="bookmark">Lire la suite &raquo;<span class="screen-reader-text">Villeneuve plage</span></a></p>
